.
7
Let w(z) be the second derivative of -z**5/20 - 5*z**4/12 - 5*z**3/6 - 3*z**2/2 + z. List the prime factors of w(-5).
2, 11
Let u(o) = 6*o**2 + 4. Let c be u(2). What are the prime factors of c + (-6 - -3 - -2)?
3
Let q(z) = -z**2 - 3*z + 3. Let r(b) = b**2 - 8*b - 3. Let o be r(8). Let d be q(o). Suppose d = 4*y - 13. List the prime factors of y.
2
Suppose -3*b + 0*b = 0. Let i be 4*((-6)/(-8) + b). Suppose 42 = 3*m + i*r, m = -2*m + 3*r + 30. What are the prime factors of m?
2, 3
Let r be ((-2)/6)/(10/(-7860)). Let g = r - 187. What are the prime factors of g/12 + 2/(-8)?
2, 3
Suppose -5*i = o - 20, -4*o + 0*o - 4 = -i. Suppose -67 - 45 = -i*c. What are the prime factors of c?
2, 7
Let p(n) = n**2 + 7*n + 9. Let i(s) = -5*s - 1. Let h be i(-1). Let t be -8 - 5/((-10)/h). What are the prime factors of p(t)?
3
Let p = 221 + -154. What are the prime factors of p?
67
Let q be (0 - 0)*(-6)/6. Suppose 0*f - 3*f + 19 = g, q = g - 4*f + 16. Suppose g*j = -2*t + 56, j + 4*t = -3*j + 56. What are the prime factors of j?
2, 7
Let j(m) = -2*m**3 - 4*m**2 + 3*m - 7. Let o be j(-5). Suppose -w = w - o. Suppose 4*k - 4*t = w, 0 = t + 1 + 1. What are the prime factors of k?
2, 7
Suppose 5*f + p = 12, 11 + 10 = 3*f - 4*p. Let m be 17/f + (-5)/(-15). Suppose -18 = -q - m. List the prime factors of q.
2, 3
Suppose -48*r + 135 = -47*r. List the prime factors of r.
3, 5
Let o(t) be the first derivative of -t**4/4 - 2*t**3 + 3*t**2 - t + 2. Let r = 0 + -7. What are the prime factors of o(r)?
2, 3
Suppose 3*p - 6*p + 5*l = -20, -5*p - 4*l - 16 = 0. Let d = 9 + p. What are the prime factors of d?
3
Let b = 82 + -58. List the prime factors of b.
2, 3
Suppose -2*k - 72 = -4*k. Suppose 3*b - k = -b. List the prime factors of b.
3
Let l(f) = f**3 + 3*f**2 - f + 3. Let g = -8 + 5. Let c = g + 0. What are the prime factors of l(c)?
2, 3
Let h = 11 - -20. What are the prime factors of h?
31
Suppose 4*a + 20 = 4*c, -c = -3*c + 5*a + 7. Let n = c - 4. Suppose 5*b = n*b + 30. List the prime factors of b.
2, 5
Suppose 3*f - 4*f = -7. Let h(v) be the second derivative of v**3/3 - 3*v**2 - v. What are the prime factors of h(f)?
2
Suppose 0 = 3*f - 17 - 7. Suppose 2*j + 8 = -f. Let t = j - -17. What are the prime factors of t?
3
Let j be ((-2)/6)/(7/(-21)). Suppose -7 = 2*o + j. What are the prime factors of -7*(72/7)/o?
2, 3
Suppose -5*w = 4*c - 4*w - 5, -5*c + w - 5 = 0. Suppose 6*q + c*q = 186. What are the prime factors of q?
31
List the prime factors of 6 - 7/((-21)/(-12)).
2
Let f = 4 - -60. What are the prime factors of f?
2
Let j = 118 + 103. What are the prime factors of j?
13, 17
Let f be (-6)/9 - 10/3. Let i be f/(-1*(-2)/(-2)). Suppose -q - i*q = -40. What are the prime factors of q?
2
Suppose 0 = -5*v - 4*a + 367, v - 77 = 2*a - 4*a. What are the prime factors of v?
71
Suppose -5*r - b = -28, 2*r - b = -3*r + 22. Let m(a) = -a**2 + 6*a - 1. Let z be m(r). Let u = 6 - z. What are the prime factors of u?
2
Let m be (-2)/(-10) + (-1845)/(-25). Let t = m + -48. List the prime factors of t/4*(-6)/(-3).
13
Suppose 9 = -0*j + 3*j. Let a = j - -5. List the prime factors of a.
2
Suppose -3*v = -26 - 124. Suppose 0 = -4*n - 20, -5*m + 3*n = -0*n - v. What are the prime factors of m?
7
Suppose 4*i + 27 = l - 26, 4*i - 4*l = -44. Let b be 4/i - (-32)/14. Suppose 56 = 4*c + 4*j, 3*c = -b*c + 3*j + 54. What are the prime factors of c?
2, 3
Let p = -23 + 39. Suppose -u - 4 = -4*m - 2*u, 4*m - 4*u = -p. Suppose m*x - 4*x = -32. What are the prime factors of x?
2
Let t(z) = 31*z**3. List the prime factors of t(1).
31
List the prime factors of (1742/(-39))/((-2)/3).
67
Let h be (2 - 1)/1*19. Let x = h + -11. List the prime factors of x.
2
What are the prime factors of 4/2 + (-258)/(-6)?
3, 5
Let g(v) be the first derivative of v**3/3 + 7*v**2/2 + 8*v - 2. Let k be g(-6). Suppose -k*t + 5*t - 18 = 0. What are the prime factors of t?
2, 3
Suppose 0 = -2*o, 0*o = -a + 3*o + 64. What are the prime factors of a?
2
Let f(n) = 3*n**2 + 2*n - 6. List the prime factors of f(5).
79
Suppose 2*j + 3*j + 10 = 0. List the prime factors of (7/j)/(-7)*84.
2, 3, 7
Let f = -8 - -6. Let a be ((-45)/(-6))/(f/(-4)). Suppose -3*j + 0*j = -a. List the prime factors of j.
5
Let g(q) = -q + 7. Let x be g(9). What are the prime factors of (1 - -45)*x/(-4)?
23
List the prime factors of (-2914)/(-12) - 1/(-6).
3
Suppose l - 1 = b + 1, -24 = -5*l - 2*b. Let f be 59*-2*(-2)/l. Suppose -f + 11 = -3*r. What are the prime factors of r?
2
Let h(f) = -f**2 - 12*f + 7. List the prime factors of h(-10).
3
Let a = -7 - -10. Let w = a + -3. Suppose w = 5*k - 0*x - 2*x - 16, 5*k = -3*x + 1. What are the prime factors of k?
2
Let d = -1 + 5. Suppose d = 8*c - 6*c. List the prime factors of c.
2
Suppose -29 = -3*r - a - 10, 3*a = 5*r - 41. Let x(u) = -3 + 10*u + 0*u + r*u**2 - 1 - u**3. What are the prime factors of x(8)?
2, 3
Let t = 15 + -10. Suppose -4*x + t*r + 29 = -70, -5*x - r + 160 = 0. List the prime factors of x.
31
Suppose 522 + 88 = 5*o. List the prime factors of o.
2, 61
Let z = -11 - -12. What are the prime factors of 7 + -9 - (-32 + z)?
29
Suppose 5*u = 0, -4*n - 5*u + 96 + 16 = 0. What are the prime factors of n?
2, 7
Suppose 0 = 5*q - 180 - 800. List the prime factors of q.
2, 7
Suppose 3*y - 284 = -41. What are the prime factors of y?
3
Suppose -2*k = 3*h - 3, 3*h - h + 24 = 3*k. Let b = k - -8. List the prime factors of b.
2, 7
Let h = 0 - -9. List the prime factors of h.
3
Let t(h) = -7*h + 5. Let f be t(-3). Suppose 2*n - 4*n = d - 14, 2*n + 4*d = f. List the prime factors of n.
5
Suppose -3*k - 12 = -4*k. List the prime factors of k.
2, 3
Suppose t = -3*t. Suppose 50 + t = 2*d. List the prime factors of d.
5
Let h = 164 + -143. What are the prime factors of h?
3, 7
Suppose 3*q + 2 - 5 = 0. Let z = 4 - q. List the prime factors of z.
3
Suppose -a = l - 6 - 0, 16 = 4*a + 2*l. What are the prime factors of a/(-6) + 46/3?
3, 5
Suppose 0 = 4*c - c. Let b be 2 - (0 - c)/1. Suppose u + 9 = 2*u - b*p, -2*u = 3*p - 18. List the prime factors of u.
3
Let o = -7 - -12. Suppose u - 25 = -4*u + 3*g, 5*u = -o*g - 15. Suppose 4 = j - u. What are the prime factors of j?
2, 3
Let r = -6 - -11. Suppose 2*k - 6 = 0, 3*i - 4*k - 114 = k. Suppose -r*p + i = -2. List the prime factors of p.
3
Let d(a) = a - 2. Let i be d(5). Suppose b + 4*g + 6 = 0, -i*b + 4*g - 1 = -31. Let l(s) = -s**3 + 5*s**2 + 6*s + 5. What are the prime factors of l(b)?
5
Suppose -9 + 4 = -y. Let n(i) = 3*i**2 - 7*i + 2. List the prime factors of n(y).
2, 3, 7
What are the prime factors of 1*(-4)/2 - -90?
2, 11
Suppose 28 = 2*u + 2*u. Let q = -2 + u. Suppose 2*i + 5*o - 28 = 0, 38 = q*i - 4*o + 1. What are the prime factors of i?
3
Suppose 0 = -j - 0*j + c + 3, 0 = -j + 2*c - 2. Let n = 20 - j. Suppose -4*t + 36 = n. List the prime factors of t.
2, 3
Let v(i) = 3*i**3 + 4*i**2 + 3*i + 3. Let k be v(-3). Let t be 2/(-4) - k/6. Let s(d) = -d + 14. List the prime factors of s(t).
2, 3
Suppose -5 = -5*d - 2*w, 0 = 3*d - 2*d - w - 1. Let a be (-5)/((d + 0)/(-1)). Suppose -a*c = -2*j + 43, 5*j - c - 79 = 2*c. List the prime factors of j.
2, 7
Let a = 0 + 3. Suppose 0 = -8*n + a*n + 25. Suppose 2*z = -n*c - 8, -z + 4*c = 8*c + 10. List the prime factors of z.
2, 3
Let k(j) = -j**2 + j - 1. Let a(b) = -2*b**3 + 4*b**2 - 3*b + 4. Let z(d) = -a(d) - 2*k(d). Let g = 0 + 2. What are the prime factors of z(g)?
2
Let i = 351 + -245. List the prime factors of i.
2, 53
Suppose -156 = -j + c, 0 = -j + 4*c - 9*c + 132. List the prime factors of j.
2, 19
Suppose 3*m - 53 = 19. Let h = m + -17. List the prime factors of h.
7
Let g(k) = 12*k**2 + 3. What are the prime factors of g(2)?
3, 17
Let s(g) = -83*g**3 - g**2 + 1. What are the prime factors of s(-1)?
83
Suppose u + 3*u - 3*j - 108 = 0, 0 = -5*u + j + 146. What are the prime factors of u?
2, 3, 5
Let w(x) = x**3 + 5*x**2 - 8*x - 3. Let i be w(-6). Suppose -a = -43 + i. List the prime factors of a.
2, 17
Let l = -37 + 92. Suppose 5*i - j + 6*j - l = 0, 5*i = 2*j + 34. Suppose -a = -3 - i. What are the prime factors of a?
11
Let n(u) be the first derivative of u**2/2 + 9*u - 3. List the prime factors of n(7).
2
Let i(t) = -2*t - 5. Suppose 0 = 3*j - 7*j - 16. Let n be i(j). Suppose -2*z + 4 = s - 6, 10 = n*z 